mine m(82).
1927
Let b(m) = 1645*m**2 - 36215*m + 43. Give b(22).
-507
Let w(u) = 167*u + 17624. Determine w(-108).
-412
Let q(t) = 1589*t - 4511. Calculate q(3).
256
Let c(o) = -8*o**3 - 126*o**2 + 104*o + 17. Determine c(1).
-13
Let y(n) = n**2 - 210*n - 1667. Calculate y(-8).
77
Let y(s) = -6*s**2 - 494*s - 3187. Give y(-75).
113
Let d(c) = -545*c**2 - 91557*c + 524. What is d(-168)?
20
Let m(i) = -2*i**3 + 77*i**2 + 6*i + 52. Give m(39).
-1235
Let b(x) = -105*x**3 - 1995*x**2 + 93*x + 1839. Give b(-19).
72
Let v(m) = -72404*m + 22010808. Give v(304).
-8
Let t(p) = 2*p**3 + 28*p**2 - 4*p + 118. Give t(-15).
-272
Let y(l) = -15*l**3 - 826*l**2 - 60*l - 238. Give y(-55).
37
Let f(n) = -6765*n + 649450. Determine f(96).
10
Let x(p) = -8*p**3 + 545*p**2 - 63*p - 104. What is x(68)?
236
Let y(k) = -7*k**2 - 1410*k + 10187. What is y(7)?
-26
Let f(x) = -535*x - 16116. Calculate f(-30).
-66
Let m(r) = 27*r**3 - 8*r**2 + 8425*r - 8418. Give m(1).
26
Let y(f) = 26*f**2 - 1502*f + 1090. Calculate y(57).
-50
Let d(u) = -5*u**3 - 27*u**2 + 23*u + 22. What is d(-6)?
-8
Let z(a) = 10946*a - 39893. What is z(4)?
3891
Let i(o) = -6573*o - 361519. What is i(-55)?
-4
Let b(h) = 2*h**3 - 9*h**2 - 3500*h - 13723. Calculate b(-4).
5
Let w(a) = -165*a + 873. What is w(-4)?
1533
Let v(i) = 6*i**2 - 692*i - 10685. Give v(129).
-107
Let k(d) = -45*d**2 - 396*d - 754. Calculate k(-6).
2
Let j(s) = -35094*s + 806937. What is j(23)?
-225
Let n(h) = h**2 + 1878*h - 104227. What is n(54)?
101
Let j(v) = -v**2 - 29*v + 14347. Determine j(107).
-205
Let h(u) = -u**2 - 319*u - 13944. Determine h(-48).
-936
Let u(r) = 638*r + 14050. Give u(-22).
14
Let h(z) = -2644*z + 200996. What is h(76)?
52
Let d(t) = t**2 - 5550*t - 2972649. Calculate d(-492).
15
Let y(d) = -2*d**3 - 131*d**2 + 212*d + 9693. What is y(-66)?
57
Let l(n) = 1561*n - 841802. Give l(539).
-423
Let b(y) = 5*y**2 - 355*y - 1529. Determine b(75).
-29
Let v(h) = -h**2 - 85017*h - 1699942. Give v(-20).
-2
Let v(z) = 5579*z + 44684. Give v(-8).
52
Let x(t) = 19079*t + 18898. Determine x(-1).
-181
Let r(m) = 106*m**2 + 1569*m + 88. Calculate r(-15).
403
Let h(c) = -8593*c + 51505. Give h(6).
-53
Let q(x) = -861*x + 9503. Determine q(11).
32
Let m(i) = -1393*i + 29354. Calculate m(16).
7066
Let h(x) = 229699*x + 2526664. What is h(-11)?
-25
Let o(k) = 16*k**2 - 490*k + 2986. Calculate o(6).
622
Let c(t) = -7038*t - 21045. Give c(-3).
69
Let x(s) = 38384*s - 114714. What is x(3)?
438
Let f(l) = -5*l**3 + 20*l**2 + 258*l - 1320. Give f(5).
-155
Let c(i) = -452*i - 7704. Calculate c(-16).
-472
Let n(k) = -k**2 + 354*k - 6371. Calculate n(19).
-6
Let x(o) = 46096*o + 414834. Determine x(-9).
-30
Let w(s) = 3*s**3 + 13*s**2 + 479*s + 944. Calculate w(-2).
14
Let t(c) = -279836*c - 20428024. What is t(-73)?
4
Let b(l) = 96*l + 15629. Give b(-151).
1133
Let i(h) = -3*h**3 - 756*h**2 - 1535*h - 8703. Calculate i(-250).
47
Let w(f) = -44*f**3 + 702*f**2 + 23*f - 26. Give w(16).
-170
Let t(j) = -j**2 + 1002*j - 79565. What is t(87)?
40
Let y(b) = -b**2 + 110*b - 612. What is y(6)?
12
Let w(k) = -k**2 - 572*k - 64355. What is w(-154)?
17
Let p(k) = -1185*k + 10982. What is p(12)?
-3238
Let s(t) = 14093*t + 2339445. Give s(-166).
7
Let g(s) = -4*s**3 + 67*s**2 - 132*s - 62. Give g(13).
757
Let v(r) = 22*r**3 - 64*r**2 + 43*r - 128. Determine v(3).
19
Let g(u) = 48*u - 5081. What is g(73)?
-1577
Let w(l) = -396*l**2 - 2927*l + 68866. What is w(10)?
-4
Let l(a) = 77*a**2 + 61*a - 63. Give l(1).
75
Let a(x) = x**3 - 58*x**2 - 13*x + 726. What is a(58)?
-28
Let d(c) = -24*c**2 + 607*c - 10. Give d(27).
-1117
Let k(j) = 381*j**2 + 49904*j - 964. Calculate k(-131).
-47
Let d(b) = -9175*b + 816576. What is d(89)?
1
Let m(v) = v**2 - 895*v - 6148. Determine m(-7).
166
Let w(f) = 12*f**2 + 2008*f - 4024. What is w(2)?
40
Let h(t) = t**3 + 46*t**2 + 87*t + 238. Determine h(-43).
2044
Let d(i) = 2478*i + 4724. Give d(-2).
-232
Let o(w) = 102*w**2 + 3751*w + 89. Calculate o(-36).
-2755
Let n(h) = 308*h**2 - 817*h. Determine n(5).
3615
Let p(a) = a**2 - 1345*a + 185476. Determine p(156).
-8
Let o(f) = -f**3 - 43*f**2 + 149*f - 43. Determine o(3).
-10
Let z(u) = 2*u**2 - 196*u + 4766. What is z(43)?
36
Let t(x) = x**3 - 34*x**2 - 306254*x + 10412648. What is t(34)?
12
Let j(k) = 2*k**2 - 143*k - 1182. Calculate j(-8).
90
Let f(o) = -21*o**3 + 5*o**2 - 1275*o - 1284. Calculate f(-1).
17
Let r(m) = 53*m**2 - 122*m - 882. Give r(-7).
2569
Let o(p) = -100992*p - 807909. Calculate o(-8).
27
Let o(c) = -c**2 + 1924308*c - 28864395. Determine o(15).
0
Let u(l) = 287*l - 5161. Calculate u(18).
5
Let q(b) = 2718*b - 24764. Calculate q(9).
-302
Let y(p) = 90736*p + 2359226. Determine y(-26).
90
Let k(g) = g**2 - 668*g - 1142853. Calculate k(-786).
-9
Let a(f) = 3437*f + 57620. Calculate a(-17).
-809
Let x(r) = 840446*r + 8404467. Give x(-10).
7
Let n(s) = -s**3 - 2*s**2 + 3401*s - 26559. Calculate n(8).
9
Let l(d) = 3672*d - 21994. Calculate l(6).
38
Let t(k) = -k**3 - 364*k**2 + 536*k + 62418. Calculate t(-365).
3
Let y(q) = -7*q**3 - 315*q**2 - 2*q - 179. Give y(-45).
-89
Let p(g) = -8*g**3 - 4*g**2 + 52333*g + 52333. What is p(-1)?
4
Let p(g) = 2*g**3 - 532*g**2 + 5757*g - 11. Calculate p(11).
1606
Let i(r) = 7*r**3 + 52*r**2 + 32*r + 117. What is i(-7)?
40
Let y(n) = 31*n**2 + 41*n + 147. Give y(-4).
479
Let y(k) = 39*k - 3764. What is y(97)?
19
Let g(l) = 2*l**2 + 58874*l + 176584. Calculate g(-3).
-20
Let u(n) = -3*n**3 - 985*n**2 - 324*n + 1622. What is u(-328)?
310
Let r(s) = -4*s**3 - 1819*s**2 - 3026*s + 65684. Determine r(-453).
-1
Let q(c) = 29*c**2 - 76*c - 225. Calculate q(-3).
264
Let p(n) = 4*n**2 - 373*n + 3752. Calculate p(11).
133
Let i(z) = 55*z**3 + 2*z + 1. What is i(1)?
58
Let u(r) = -r**2 + 3101*r + 62451. Give u(-20).
31
Let l(n) = -n**3 + 49*n**2 + 806*n - 355. Give l(62).
-355
Let a(d) = 170*d**2 - 702*d + 80. What is a(4)?
-8
Let f(n) = 188*n - 17602. What is f(95)?
258
Let o(w) = w**3 + 174*w**2 - 855*w + 7176. Give o(-179).
16
Let v(t) = -2*t**2 - 3919*t - 1773736. Calculate v(-1250).
14
Let m(i) = 7451*i + 834537. Give m(-112).
25
Let z(w) = -242*w - 22998. Give z(-95).
-8
Let v(p) = 360*p**2 + 13. What is v(2)?
1453
Let d(n) = 3007*n + 168543. Give d(-56).
151
Let t(w) = -32*w**2 - 793*w - 3541. Give t(-6).
65
Let b(l) = 1067*l**2 - 6335*l - 245. Determine b(6).
157
Let z(w) = -w**3 - 173*w**2 + 2019*w + 10790. Give z(-4).
10
Let h(k) = k**3 - 25*k**2 + 123*k + 203. Determine h(8).
99
Let f(a) = a**2 + 185*a + 7718. Calculate f(-78).
-628
Let n(l) = -652*l + 5862. Determine n(9).
-6
Let w(v) = -55*v - 335. What is w(16)?
-1215
Let z(s) = -600*s - 62453. Give z(-107).
1747
Let v(y) = 15432*y - 108020. Give v(7).
4
Let f(a) = -2*a**2 - 9423*a - 215665. Calculate f(-23).
6
Let a(b) = -2*b**2 - 873*b - 34880. What is a(-392)?
8
Let k(g) = -3298*g + 49487. Give k(15).
17
Let r(x) = -7*x**2 + 93*x + 48327. Give r(90).
-3
Let t(s) = 3*s**2 - 5607*s - 33693. Give t(-6).
57
Let i(w) = 91364*w + 30058769. What is i(-329)?
13
Let h(w) = -9*w**3 + 1236*w**2 - 4008*w - 1601. Determine h(134).
7
Let d(g) = 3*g**3 - g**2 - 295*g - 83. Give d(-15).
-6008
Let c(f) = 124589*f - 996706. Give c(8).
6
Let a(b) = -b**3 + 45*b**2 - 60*b - 365. Give a(43).
753
Let k(o) = 22020*o - 264251. Give k(12).
-11
Let g(h) = -2*h**2 + 7482*h + 8509344. Calculate g(-914).
4
Let x(l) = -l**3 + 12*l**2 - 117*l - 474. What is x(-4)?
250
Let y(b) = 20*b**2 - 2456*b - 57153. What is y(-20)?
-33
Let z(h) = 5281*h - 269395. Determine z(51).
-64
Let b(w) = 2*w**3 - 31*w**2 - 302*w - 968. Give b(23).
21
Let m(w) = 4*w**3 - 265*w**2 - 165*w - 2248. Determine m(67).
164
Let j(v) = 5*v**3 - 435*v**2 + 431*v + 109. Calculate j(86).
195
Let c(b) = -2*b**2 - 12932*b + 1553821. Calculate c(118).
-3
Let c(q) = -2143*q - 28085. Determine c(-13).
-226
Let c(j) = 11*j**2 - 1646*j + 4219. Calculate c(147).
-44
Let o(s) = 37*s**2 - 718*s - 90. Determine o(23).
2969
Let o(d) = -128*d**2 + 39035*d + 1585. Calculate o(305).
60
Let v(j) = -9884*j - 2846600. Determine v(-288).
-8
Let d(s) = s**2 + 203*s + 3714. Give d(-17).
552
Let o(z) = z**3 - 12*z**2 - 47*z + 14. What is o(15)?
-16
Let m(h) = -h**2 + 811*h + 7415. What is m(-9)?
35
Let y(w) = w**3 + 7*w**2 - 207*w + 38. G